{"id":23946186,"date":"2024-04-04T13:54:52","date_gmt":"2024-04-04T11:54:52","guid":{"rendered":"https:\/\/celliers.ch\/nutzungsbedingungen-velos\/"},"modified":"2024-07-18T12:40:33","modified_gmt":"2024-07-18T10:40:33","slug":"nutzungsbedingungen-velos","status":"publish","type":"page","link":"https:\/\/celliers.ch\/de\/nutzungsbedingungen-velos\/","title":{"rendered":"Nutzungsbedingungen f\u00fcr Fahrr\u00e4der"},"content":{"rendered":"<p>[et_pb_section fb_built=&#8220;1&#8243; theme_builder_area=&#8220;post_content&#8220; _builder_version=&#8220;4.24.2&#8243; _module_preset=&#8220;default&#8220;][et_pb_row _builder_version=&#8220;4.24.2&#8243; _module_preset=&#8220;default&#8220; theme_builder_area=&#8220;post_content&#8220;][et_pb_column _builder_version=&#8220;4.24.2&#8243; _module_preset=&#8220;default&#8220; type=&#8220;4_4&#8243; theme_builder_area=&#8220;post_content&#8220;][et_pb_text _builder_version=&#8220;4.24.2&#8243; _module_preset=&#8220;default&#8220; theme_builder_area=&#8220;post_content&#8220; hover_enabled=&#8220;0&#8243; sticky_enabled=&#8220;0&#8243;]<\/p>\n<h2>Entdecken Sie die Nutzungsbedingungen f\u00fcr unsere &#8222;Khalkoff&#8220;-Elektrofahrr\u00e4der.<\/h2>\n<p>[\/et_pb_text][et_pb_text _builder_version=&#8220;4.24.2&#8243; _module_preset=&#8220;default&#8220; theme_builder_area=&#8220;post_content&#8220; hover_enabled=&#8220;0&#8243; sticky_enabled=&#8220;0&#8243;]<\/p>\n<ul>\n<li>Das Mindestalter f\u00fcr alle Modelle von Elektrofahrr\u00e4dern betr\u00e4gt 14 Jahre.<\/li>\n<li>Jugendliche zwischen 14 und 16 Jahren ben\u00f6tigen einen F\u00fchrerschein der Klasse M (Mopeds). Ab 16 Jahren ist ein solcher F\u00fchrerschein f\u00fcr &#8222;25km\/h&#8220; nicht mehr erforderlich.<\/li>\n<li>Elektrofahrr\u00e4der mit einer Tretunterst\u00fctzung von mehr als 25 km\/h gelten als &#8222;Moped&#8220;: F\u00fchrerschein der Klasse M f\u00fcr alle ab 14 Jahren erforderlich (oder Standard-Pkw-F\u00fchrerschein).<\/li>\n<li>Elektrofahrr\u00e4der m\u00fcssen auf Radwegen fahren.<\/li>\n<li>Langsame Elektrofahrr\u00e4der (bis zu 25 km\/h) d\u00fcrfen auf Wegen fahren, die mit einem Fahrverbot f\u00fcr Mopeds belegt sind. Schnelle Elektrofahrr\u00e4der m\u00fcssen auf diesen Wegen mit abgestelltem Motor fahren.<\/li>\n<li>In Kreisverkehren d\u00fcrfen Radfahrer von der Rechtsfahrregel abweichen und in der Mitte der Fahrbahn fahren (oder in der Mitte der rechten Fahrbahn in einem mehrspurigen Kreisverkehr).<\/li>\n<li>Das Tragen eines Fahrradhelms (Norm EN 1078) ist nur f\u00fcr schnelle Elektrofahrr\u00e4der (\u00fcber 25km\/h) vorgeschrieben.<\/li>\n<li>Gesicherte Kindersitze und Anh\u00e4nger sind f\u00fcr alle Typen von Elektrofahrr\u00e4dern erlaubt.<\/li>\n<\/ul>\n<p>[\/et_pb_text][\/et_pb_column][\/et_pb_row][\/et_pb_section]<\/p>\n","protected":false},"excerpt":{"rendered":"<p>Entdecken Sie die Nutzungsbedingungen f\u00fcr unsere &#8222;Khalkoff&#8220;-Elektrofahrr\u00e4der. Das Mindestalter f\u00fcr alle Modelle von Elektrofahrr\u00e4dern betr\u00e4gt 14 Jahre. Jugendliche zwischen 14 und 16 Jahren ben\u00f6tigen einen F\u00fchrerschein der Klasse M (Mopeds). Ab 16 Jahren ist ein solcher F\u00fchrerschein f\u00fcr &#8222;25km\/h&#8220; nicht mehr erforderlich. Elektrofahrr\u00e4der mit einer Tretunterst\u00fctzung von mehr als 25 km\/h gelten als &#8222;Moped&#8220;: F\u00fchrerschein [&hellip;]<\/p>\n","protected":false},"author":2,"featured_media":23945542,"parent":0,"menu_order":0,"comment_status":"closed","ping_status":"closed","template":"","meta":{"_acf_changed":false,"_et_pb_use_builder":"on","_et_pb_old_content":"","_et_gb_content_width":"","footnotes":""},"dipi_cpt_category":[],"class_list":["post-23946186","page","type-page","status-publish","has-post-thumbnail","hentry"],"acf":[],"_links":{"self":[{"href":"https:\/\/celliers.ch\/de\/wp-json\/wp\/v2\/pages\/23946186","targetHints":{"allow":["GET"]}}],"collection":[{"href":"https:\/\/celliers.ch\/de\/wp-json\/wp\/v2\/pages"}],"about":[{"href":"https:\/\/celliers.ch\/de\/wp-json\/wp\/v2\/types\/page"}],"author":[{"embeddable":true,"href":"https:\/\/celliers.ch\/de\/wp-json\/wp\/v2\/users\/2"}],"replies":[{"embeddable":true,"href":"https:\/\/celliers.ch\/de\/wp-json\/wp\/v2\/comments?post=23946186"}],"version-history":[{"count":11,"href":"https:\/\/celliers.ch\/de\/wp-json\/wp\/v2\/pages\/23946186\/revisions"}],"predecessor-version":[{"id":23948845,"href":"https:\/\/celliers.ch\/de\/wp-json\/wp\/v2\/pages\/23946186\/revisions\/23948845"}],"wp:featuredmedia":[{"embeddable":true,"href":"https:\/\/celliers.ch\/de\/wp-json\/wp\/v2\/media\/23945542"}],"wp:attachment":[{"href":"https:\/\/celliers.ch\/de\/wp-json\/wp\/v2\/media?parent=23946186"}],"wp:term":[{"taxonomy":"dipi_cpt_category","embeddable":true,"href":"https:\/\/celliers.ch\/de\/wp-json\/wp\/v2\/dipi_cpt_category?post=23946186"}],"curies":[{"name":"wp","href":"https:\/\/api.w.org\/{rel}","templated":true}]}}

Nutzungsbedingungen für Fahrräder

<p>[et_pb_section fb_built=&#8220;1&#8243; theme_builder_area=&#8220;post_content&#8220; _builder_version=&#8220;4.24.2&#8243; _module_preset=&#8220;default&#8220;][et_pb_row _builder_version=&#8220;4.24.2&#8243; _module_preset=&#8220;default&#8220; theme_builder_area=&#8220;post_content&#8220;][et_pb_column _builder_version=&#8220;4.24.2&#8243; _module_preset=&#8220;default&#8220; type=&#8220;4_4&#8243; theme_builder_area=&#8220;post_content&#8220;][et_pb_text _builder_version=&#8220;4.24.2&#8243; _module_preset=&#8220;default&#8220; theme_builder_area=&#8220;post_content&#8220; hover_enabled=&#8220;0&#8243; sticky_enabled=&#8220;0&#8243;]</p>
<h2>Entdecken Sie die Nutzungsbedingungen für unsere &#8222;Khalkoff&#8220;-Elektrofahrräder.</h2>
<p>[/et_pb_text][et_pb_text _builder_version=&#8220;4.24.2&#8243; _module_preset=&#8220;default&#8220; theme_builder_area=&#8220;post_content&#8220; hover_enabled=&#8220;0&#8243; sticky_enabled=&#8220;0&#8243;]</p>
<ul>
<li>Das Mindestalter für alle Modelle von Elektrofahrrädern beträgt 14 Jahre.</li>
<li>Jugendliche zwischen 14 und 16 Jahren benötigen einen Führerschein der Klasse M (Mopeds). Ab 16 Jahren ist ein solcher Führerschein für &#8222;25km/h&#8220; nicht mehr erforderlich.</li>
<li>Elektrofahrräder mit einer Tretunterstützung von mehr als 25 km/h gelten als &#8222;Moped&#8220;: Führerschein der Klasse M für alle ab 14 Jahren erforderlich (oder Standard-Pkw-Führerschein).</li>
<li>Elektrofahrräder müssen auf Radwegen fahren.</li>
<li>Langsame Elektrofahrräder (bis zu 25 km/h) dürfen auf Wegen fahren, die mit einem Fahrverbot für Mopeds belegt sind. Schnelle Elektrofahrräder müssen auf diesen Wegen mit abgestelltem Motor fahren.</li>
<li>In Kreisverkehren dürfen Radfahrer von der Rechtsfahrregel abweichen und in der Mitte der Fahrbahn fahren (oder in der Mitte der rechten Fahrbahn in einem mehrspurigen Kreisverkehr).</li>
<li>Das Tragen eines Fahrradhelms (Norm EN 1078) ist nur für schnelle Elektrofahrräder (über 25km/h) vorgeschrieben.</li>
<li>Gesicherte Kindersitze und Anhänger sind für alle Typen von Elektrofahrrädern erlaubt.</li>
</ul>
<p>[/et_pb_text][/et_pb_column][/et_pb_row][/et_pb_section]</p>

<p>Entdecken Sie die Nutzungsbedingungen für unsere &#8222;Khalkoff&#8220;-Elektrofahrräder. Das Mindestalter für alle Modelle von Elektrofahrrädern beträgt 14 Jahre. Jugendliche zwischen 14 und 16 Jahren benötigen einen Führerschein der Klasse M (Mopeds). Ab 16 Jahren ist ein solcher Führerschein für &#8222;25km/h&#8220; nicht mehr erforderlich. Elektrofahrräder mit einer Tretunterstützung von mehr als 25 km/h gelten als &#8222;Moped&#8220;: Führerschein [&hellip;]</p>
